be 0/1 - (-2 + -2). Let d(y) = -4*y + t*y - 1 - 3*y. Determine d(l).
2
Let w(s) be the third derivative of -s**4/24 - s**3/2 + 41*s**2. Let d be 2/(-1) - (-1 + -7). Give w(d).
-9
Let d be (-4)/(-6)*(-6)/2. Let o(f) = 2*f**3 + 2*f**2 + 2. Calculate o(d).
-6
Let y(d) = -d**2 - 6*d - 11. Let a be y(-5). Let x(m) = -m**2 - 4*m + 4. Determine x(a).
-8
Let m be (2 - (4 - 1)) + 6. Let p(x) = x**3 - 4*x**2 - 2*x + 2. What is p(m)?
17
Let j(r) be the second derivative of -1/6*r**4 - 1/2*r**2 + 0 - 5*r + 1/3*r**3. Give j(2).
-5
Let y(a) = -5*a**2 - 6*a + 5. Let u(b) = 6*b**2 + 6*b - 5. Let q(l) = -4*u(l) - 5*y(l). Let h be q(-7). Let j(m) = -3*m**2 + 3*m. Calculate j(h).
-6
Let n(w) = 4*w. Let i(l) = -5*l. Let u(t) = 3*i(t) + 2*n(t). What is u(-1)?
7
Let w be (-1)/(12/10 + -1). Let k(r) be the first derivative of -r**3/3 - 3*r**2/2 + 5*r - 2. Give k(w).
-5
Let w(t) be the third derivative of -t**6/120 - t**4/24 + t**3/3 + 2*t**2. Suppose -3*i = -2*i. Calculate w(i).
2
Let m(i) be the first derivative of -i**4/6 - 2*i - 2. Let u(y) be the first derivative of m(y). Give u(1).
-2
Let u(m) = -3*m. Let q be u(1). Let d(r) = -r**3 - r**2 + r + 1. Let t = -2 + 4. Let x(g) = -g**3 + 4. Let j(v) = t*d(v) - x(v). What is j(q)?
1
Let x(y) = y - 1. Let t be ((-4)/12)/(1/(-21)). Let g = t + -11. What is x(g)?
-5
Let k(q) = -4*q + 0 + 3*q + 3 + 0*q. Determine k(3).
0
Let i(p) = -p**2 - 10. Suppose -12 = 3*j - 2*b + 5*b, 4*j = -5*b - 20. Calculate i(j).
-10
Let a(y) = 41*y**2 - 9*y - 5. Let v(h) be the third derivative of -h**5/6 + h**4/12 + h**3/6 + 4*h**2. Let l(d) = -2*a(d) - 9*v(d). Determine l(-1).
9
Let s(b) = b**3 + 3*b**2 - 5*b. Let c(w) = -w - 2. Let q be c(-10). Let p be (-3)/(1 + (-2)/q). Give s(p).
4
Suppose -3*p + 5*h = -8, 3*h - 1 = -2*p + 2*h. Let b(o) = o - 1. Let v be -1 - ((4 - 2) + -5). Let m(q) = -q + 2. Let t(f) = v*m(f) + 5*b(f). Determine t(p).
2
Let m(n) = n**3 - 11*n**2 + n - 2. Let a(v) = -2*v**3 + 23*v**2 - 2*v + 5. Let g(p) = 6*a(p) + 13*m(p). Let i = 15 + -10. Determine g(i).
9
Let o(q) be the first derivative of q**3/3 - 9*q**2/2 + 10*q - 4. Let d be o(7). Let a(m) = -m - 4. Determine a(d).
0
Let u(f) be the third derivative of -f**8/20160 + f**5/60 + f**2. Let o(b) be the third derivative of u(b). Let m be (9 - (5 - -3))/(-1 + 0). What is o(m)?
-1
Let f(c) = -2*c**3 - 19*c**2 - 7*c - 8. Let k(o) = o**3 + 10*o**2 + 3*o + 4. Let d(p) = -3*f(p) - 5*k(p). Let u be (8/(-6))/(2/9). Calculate d(u).
4
Let o be (-28)/42 + 22/6. Let x(t) be the third derivative of 0 - 1/6*t**4 + 1/3*t**o + 0*t - 2*t**2. Calculate x(2).
-6
Let d(m) be the second derivative of m**5/20 + 5*m**4/12 - m**2 + 2*m. Give d(-4).
14
Let j(a) be the second derivative of 0*a**2 - 1/6*a**3 - a + 0. Calculate j(1).
-1
Suppose -4*l = 5*i, 4*l - 4*i = -0*l. Let v(p) = 5*p - 4 + p**2 - 2*p**2 + l. Calculate v(3).
2
Suppose 0 = 5*u + 3*z - 17 - 7, -3 = -z. Let f be (-4)/12 - (-4)/u. Let r(k) = 7*k + 1. Let m(i) = -i - 1. Let n(y) = f*r(y) + 6*m(y). Calculate n(5).
0
Let y(x) = x. Let l be y(0). Let k(r) = -r - 5. Let t(s) = -6. Let o(v) = -5*k(v) + 6*t(v). Let w(z) = -2*z + 5. Let u(h) = -3*o(h) - 7*w(h). Determine u(l).
-2
Let r(c) be the third derivative of -c**6/12 - c**5/60 + c**4/24 - c**3/6 - 4*c**2 - 2. Determine r(1).
-11
Let m(p) = -p - 6*p + 10*p - 17*p**2 - 2*p. Give m(1).
-16
Let h(t) = t - 4. Let c = -55 - -55. Calculate h(c).
-4
Let w(r) = -4 + 1 - 2*r**2 - 6*r - 3 + 3*r**2. Let k be w(7). Let y(x) = -x**2 - 1. What is y(k)?
-2
Let u(n) = n**2 + 4*n + 1. Let v(w) = w**2 - 7*w - 9. Let o be v(8). Let b be 8/(0 + -2) - o. Give u(b).
-2
Let m(o) = 1. Let q(a) = -a**3 - 2*a**2 + 3*a - 9. Let c(k) = -6*m(k) - q(k). Give c(-3).
3
Let t(k) = -k**2 - 6*k + 8. Let m be t(-7). Let c = 2 - m. Let f(z) be the first derivative of -z**4 - z**2 + z + 1. Determine f(c).
-5
Let n(b) be the second derivative of -b**5/120 - b**4/6 + b**3 - 3*b. Let d(s) be the second derivative of n(s). Let z(p) = -p + 2. Let w be z(5). What is d(w)?
-1
Suppose 8*h - 4*h = 16. Let s(o) = o**2 - 5*o + 4. Determine s(h).
0
Suppose 5*u = -2*v - 6 - 6, 2*u - v + 12 = 0. Let t(l) = -22*l - 15. Let j(i) = -8*i - 5. Let z(y) = -8*j(y) + 3*t(y). What is z(u)?
3
Let z(r) = r + 1. Let s(a) = -13*a - 2. Let g(t) = s(t) + 3*z(t). Calculate g(2).
-19
Let z(m) = 4*m**3 + 4*m**2 + m. Let f(w) = 5*w**3 + 4*w**2 - 1. Let p(j) = -3*f(j) + 4*z(j). What is p(-2)?
3
Let x(k) = 2*k + 4. Let l(u) = 5*u + 7. Let q(z) = -3*l(z) + 5*x(z). Let p(v) = -v**2 + 3*v - 3. Let y be p(2). Let b = -2 - y. Calculate q(b).
4
Let x(j) be the second derivative of j**4/12 - j**3 - 3*j**2/2 - 3*j. What is x(6)?
-3
Let o(n) = n**3 - n**2 + 6. Let q be o(0). Let f(j) = -4*j + 4 + q + 3*j. What is f(8)?
2
Let h(g) = 4*g**2 + 3*g - 3. Let q be (-3)/((-12)/(-4))*7. Let p(s) = 8*s**2 + 7*s - 7. Let n(m) = q*h(m) + 3*p(m). What is n(1)?
-4
Let u(a) = -a - 2*a + 1 + 4 - 4. Let x be u(1). Let y be 1*x*1/2. Let c(l) = 7*l**2 - l - 1. What is c(y)?
7
Let k(t) be the second derivative of -t**5/20 + t**4/12 + t**3/2 - t**2 + t. What is k(2)?
0
Let p(c) = c + 5. Suppose -x - 2*x = -12. Suppose 16 = 2*i - i - x*h, -16 = 4*h. What is p(i)?
5
Let n(o) = -6 - o + 6. What is n(-1)?
1
Suppose 6 = -129*s + 128*s. Let a(m) = m**3 + 5*m**2 - 4*m + 4. Determine a(s).
-8
Let d(o) = 3*o**3 + 4*o**2 + 6*o + 3. Let n(l) = -7*l**3 - 9*l**2 - 13*l - 7. Let i(c) = -9*d(c) - 4*n(c). Calculate i(-2).
-3
Let i(u) be the first derivative of -u**4/4 + 5*u**3/3 - 3*u**2/2 - 2*u + 3. Let l = -1 + 5. Determine i(l).
2
Let p(a) = 4*a - 4. Let s(r) = -9*r + 9. Let u(i) = -7*p(i) - 3*s(i). Determine u(5).
-4
Let r(v) = -v - 15. Suppose 28 = -5*b - 27. Give r(b).
-4
Let y(q) = q**3 + 4*q**2 + 3*q + 3. Let x be y(-3). Let n = x - 3. Let o(a) = -3*a**2 + 2*a**2 + 0*a**2 - 2 + a. Give o(n).
-2
Let h(n) = -5*n - 10. Let l(z) = 4*z + 9. Let g(k) = -3*h(k) - 4*l(k). Give g(-6).
0
Let j(h) = 3 + 2*h**2 + h**2 - 5*h + h**3 + 2*h. Let z = -139 + 135. Give j(z).
-1
Suppose 6 = 2*l + 2. Let b(n) = 1 + 6*n**2 + 3*n - 2*n**l - 5*n**2. What is b(-3)?
-17
Let x(u) = -u**3 - 4*u**2 + u + 4. Suppose -2*v - 9 + 1 = 0. What is x(v)?
0
Let x(l) = -5*l - 1 + 0 - 3*l**2 + 4*l**2 + 4*l. What is x(1)?
-1
Suppose 2*t + 8 = 4*t. Let j be 1/((t + -3)*1). Let v(r) = -5*r. Determine v(j).
-5
Let w = 13 + -10. Let a(v) be the second derivative of 1/12*v**4 + 1/3*v**3 + w*v + 1/2*v**2 + 0. Give a(-1).
0
Let u(w) = -3*w + 3. Let n be u(2). Let k be (-1 + -2 + 2)*-10. Let z be k/(-3) + (-1)/n. Let o(t) = 2*t. Determine o(z).
-6
Let q(f) = f**3 - 5*f**2 - 6*f - 3. Let h = 1 - -5. What is q(h)?
-3
Let y(s) = 7*s**2 - 2*s - 1. Suppose 0 = 5*f - 5, 5*v + 0*v - 2*f - 28 = 0. Let b(l) = -13*l**2 + 3*l + 3. Let q(o) = v*b(o) + 11*y(o). Calculate q(-5).
2
Let i(z) = -z + 4. Let q(k) = k - 1. Let x(v) = i(v) - q(v). Give x(5).
-5
Let q(n) be the second derivative of n**5/20 + n**4/3 + n**3/3 - 3*n**2/2 + 7*n. Calculate q(-3).
0
Let g(x) = x**3 - 5*x**2 - 7*x - 1. Suppose 15*h - 6 = 14*h. Calculate g(h).
-7
Let f(c) = -c**3 + 5*c**2 + c - 5. Suppose -2*s + m = -9, -s + m + 13 = 2*s. What is f(s)?
15
Let y(c) be the first derivative of -11/3*c**3 - 3 - c + 0*c**2. What is y(1)?
-12
Let p(a) = -a**2 + 4*a. Let t be (3 - 20/8)/(2/8). Give p(t).
4
Let r(l) be the first derivative of l**2/2 - 7*l - 43. What is r(5)?
-2
Let x(g) = 83*g**2 + 4 - 84*g**2 + 13*g - 7*g. What is x(6)?
4
Let j(y) be the first derivative of y**4/4 - y**3 - 7*y**2/2 + y + 2. Calculate j(5).
16
Let p(w) = -w + 6 + w**3 - 2*w**3 + 0*w**3. Let v be (-102)/(-9) + (-6)/(-9). Let f = 12 - v. Calculate p(f).
6
Let o(t) = -t**3 + 4*t**2 + 2*t - 2. Let u(v) = 4*v - 8. Let l be u(6). Suppose -3*q - q = -l. Suppose -q*c + 17 = y, 4*c - 4 - 9 = 3*y. Give o(c).
6
Suppose 2*q - 2*i - 6 = 0, -5*q + 4*i - 3 + 14 = 0. Let s(v) = v**2 - 469 + v - 3*v**2 + v + 470. Give s(q).
-3
Let c(r) = r. Let k be -1 + 18/(-4) + (-6)/12. Calculate c(k).
-6
Let w be ((-10)/12)/(35/(-63)). Let y(o) be the second derivative of -w*o**2 - 1/6*o**3 + 0 - 2*o. Calculate y(-5).
2
Let k(v) = -v**3 - 2*v**2 - v + 2. Let q be k(-2). Let t(h) = -4 + 2*h**2 - h - 4*h**2 + 8*h. Give t(q).
-8
Let v(z) = -3*z - 1. Let a be v(-1). Let d(t) = t**2 - t - 1. Let w be d(a). Let n(o) = 2*o - 1. Give n(w).
